{"id":1317,"date":"2020-06-10T22:12:19","date_gmt":"2020-06-10T22:12:19","guid":{"rendered":"http:\/\/www.geekecuador.com\/singei\/?page_id=1317"},"modified":"2024-06-16T01:40:14","modified_gmt":"2024-06-16T01:40:14","slug":"descargas","status":"publish","type":"page","link":"https:\/\/singei.ambiente.gob.ec\/singei\/?page_id=1317","title":{"rendered":"DESCARGAS"},"content":{"rendered":"<h1>Descargas<\/h1>\n<div>\n<div>\n<p>Tercera Comunicaci\u00f3n Nacional del Ecuador a la Convenci\u00f3n Marco de las Naciones Unidas sobre Cambio Clim\u00e1tico (TCN)<\/p>\n<\/div>\n<p><a href=\"http:\/\/certificacionpuntoverde.ambiente.gob.ec\/libraries\/EAlfresco.php\/?doc=f52e026d-3691-4db4-9bc8-50e0c465bdb2\"><\/a><\/p>\n<\/div>\n<div>\n<div>\n<p>Primer Informe Bienal de Actualizaci\u00f3n del Ecuador a la Convenci\u00f3n Marco de las Naciones Unidas sobre Cambio Clim\u00e1tico<\/p>\n<\/div>\n<p><a href=\"http:\/\/certificacionpuntoverde.ambiente.gob.ec\/libraries\/EAlfresco.php\/?doc=09371b85-0afe-4596-a766-5864d9d2d6c5\"><\/a><\/p>\n<\/div>\n<div>\n<div>\n<p>Reporte del Inventario Nacional de Gases de Efecto Invernadero &#8211; INGEI del a\u00f1o 2010 del Ecuador (.ZIP)<\/p>\n<\/div>\n<p><a href=\"\/singei\/wp-content\/uploads\/ecu_nir_to_bur1_12jul17.zip\"><\/a><\/p>\n<\/div>\n<div>\n<div>\n<p>Cuarta Comunicaci\u00f3n Nacional y Segundo Informe Bienal de Actualizaci\u00f3n del Ecuador a la Convenci\u00f3n Marco de las Naciones Unidas sobre el Cambio Clim\u00e1tico, Diciembre 2022<\/p>\n<\/div>\n<p><a href=\"https:\/\/www.undp.org\/sites\/g\/files\/zskgke326\/files\/2023-05\/publicacion_4cn-2ba_interactiva.pdf\"><\/a><\/p>\n<\/div>\n<div>\n<div>\n<p>Reporte Nacional Inventario de Gases de Efecto Invernadero <br \/>(NIR, por su siglas en ingl\u00e9s)<br \/> A\u00f1o 2018<\/p>\n<\/div>\n<p><a href=\"https:\/\/drive.google.com\/file\/d\/1r5Al0yXLKmfdL_YG7XriZqWVAyz-e81e\/view?usp=sharing\"><\/a><\/p>\n<\/div>\n<h1>Enlaces de Inter\u00e9s<\/h1>\n<div>\n<div>\n<p>Orientaci\u00f3n del IPCC sobre las Buenas Pr\u00e1cticas y la Gesti\u00f3n de la Incertidumbre en los inventarios nacionales de gases de efecto invernadero 2000<\/p>\n<\/div>\n<p><a href=\"https:\/\/www.ipcc-nggip.iges.or.jp\/public\/gp\/spanish\/gpgaum_es.html\"><\/a><\/p>\n<\/div>\n<div>\n<div>\n<p>Gu\u00eda de Buenas Pr\u00e1cticas para el Uso de la Tierra, el Cambio de Uso de la Tierra y la Silvicultura 2003<\/p>\n<\/div>\n<p><a href=\"https:\/\/www.ipcc-nggip.iges.or.jp\/public\/gpglulucf\/gpglulucf.html\"><\/a><\/p>\n<\/div>\n<div>\n<div>Metodolog\u00eda IPCC 1996<\/div>\n<p><a href=\"https:\/\/www.ipcc-nggip.iges.or.jp\/public\/gl\/invs1.html\"><\/a><\/p>\n<\/div>\n<div>\n<div>\n<p>Metodolog\u00eda IPCC 2006<\/p>\n<\/div>\n<p><a href=\"https:\/\/www.ipcc-nggip.iges.or.jp\/public\/2006gl\/index.html\"><\/a><\/p>\n<\/div>\n<p><!--more--><br \/>\n<!-- {\"name\":\"energia\",\"type\":\"layout\",\"children\":[{\"type\":\"section\",\"props\":{\"style\":\"default\",\"width\":\"\",\"vertical_align\":\"middle\",\"title_position\":\"top-left\",\"title_rotation\":\"left\",\"title_breakpoint\":\"xl\",\"image_position\":\"center-center\",\"image\":\"wp-content\\\/uploads\\\/foto_banner.png\",\"overlap\":false,\"image_size\":\"cover\"},\"children\":[{\"type\":\"row\",\"children\":[{\"type\":\"column\",\"props\":{\"image_position\":\"center-center\",\"media_overlay_gradient\":\"\"},\"children\":[]}]}],\"name\":\"fotobanner\"},{\"type\":\"section\",\"props\":{\"style\":\"default\",\"width\":\"default\",\"vertical_align\":\"middle\",\"title_position\":\"top-left\",\"title_rotation\":\"left\",\"title_breakpoint\":\"xl\",\"image_position\":\"center-center\",\"css\":\".el-section {background-color: #00609C;}\",\"padding\":\"xsmall\",\"padding_remove_bottom\":true},\"children\":[{\"type\":\"row\",\"children\":[{\"type\":\"column\",\"props\":{\"image_position\":\"center-center\",\"media_overlay_gradient\":\"\"},\"children\":[]}]}],\"name\":\"barra\"},{\"type\":\"section\",\"props\":{\"style\":\"default\",\"width\":\"default\",\"vertical_align\":\"middle\",\"title_position\":\"top-left\",\"title_rotation\":\"left\",\"title_breakpoint\":\"xl\",\"image_position\":\"center-center\",\"padding\":\"small\",\"padding_remove_bottom\":true},\"children\":[{\"type\":\"row\",\"children\":[{\"type\":\"column\",\"props\":{\"image_position\":\"center-center\",\"media_overlay_gradient\":\"\"},\"children\":[{\"type\":\"headline\",\"props\":{\"title_element\":\"h1\",\"content\":\"Descargas\",\"text_align\":\"center\",\"css\":\".el-element {\\nfont-size: 25px;\\n}\"}}]}]}]},{\"type\":\"section\",\"props\":{\"style\":\"default\",\"width\":\"default\",\"vertical_align\":\"middle\",\"title_position\":\"top-left\",\"title_rotation\":\"left\",\"title_breakpoint\":\"xl\",\"image_position\":\"center-center\",\"padding_remove_top\":false,\"padding\":\"small\"},\"children\":[{\"type\":\"row\",\"props\":{\"layout\":\"1-3,1-3,1-3\"},\"children\":[{\"type\":\"column\",\"props\":{\"image_position\":\"center-center\",\"media_overlay_gradient\":\"\",\"width_medium\":\"1-3\"},\"children\":[{\"type\":\"panel\",\"props\":{\"link_text\":\"\",\"title_hover_style\":\"reset\",\"title_element\":\"h3\",\"title_align\":\"top\",\"title_grid_width\":\"1-2\",\"title_grid_breakpoint\":\"m\",\"meta_style\":\"meta\",\"meta_align\":\"below-title\",\"meta_element\":\"div\",\"content_column_breakpoint\":\"m\",\"icon_width\":80,\"image_align\":\"top\",\"image_grid_width\":\"1-2\",\"image_grid_breakpoint\":\"m\",\"image_svg_color\":\"emphasis\",\"link_style\":\"default\",\"margin\":\"default\",\"icon\":\"file-pdf\",\"content\":\"\n\n<p>Tercera Comunicaci\\u00f3n Nacional del Ecuador a la Convenci\\u00f3n Marco de las Naciones Unidas sobre Cambio Clim\\u00e1tico (TCN)<\\\/p>\",\"panel_style\":\"card-default\",\"text_align\":\"center\",\"link\":\"http:\\\/\\\/certificacionpuntoverde.ambiente.gob.ec\\\/libraries\\\/EAlfresco.php\\\/?doc=f52e026d-3691-4db4-9bc8-50e0c465bdb2\",\"link_target\":true,\"panel_link\":true,\"content_align\":false,\"content_style\":\"lead\",\"icon_color\":\"danger\",\"css\":\".el-element {background-color: #00609C;}\\n.el-content {color:#ffffff;}\"}}]},{\"type\":\"column\",\"props\":{\"image_position\":\"center-center\",\"media_overlay_gradient\":\"\",\"width_medium\":\"1-3\"},\"children\":[{\"type\":\"panel\",\"props\":{\"link_text\":\"\",\"title_hover_style\":\"reset\",\"title_element\":\"h3\",\"title_align\":\"top\",\"title_grid_width\":\"1-2\",\"title_grid_breakpoint\":\"m\",\"meta_style\":\"meta\",\"meta_align\":\"below-title\",\"meta_element\":\"div\",\"content_column_breakpoint\":\"m\",\"icon_width\":80,\"image_align\":\"top\",\"image_grid_width\":\"1-2\",\"image_grid_breakpoint\":\"m\",\"image_svg_color\":\"emphasis\",\"link_style\":\"default\",\"margin\":\"default\",\"icon\":\"file-pdf\",\"content\":\"\n\n<p>Primer Informe Bienal de Actualizaci\\u00f3n del Ecuador a la Convenci\\u00f3n Marco de las Naciones Unidas sobre Cambio Clim\\u00e1tico<\\\/p>\",\"panel_style\":\"card-default\",\"text_align\":\"center\",\"link\":\"http:\\\/\\\/certificacionpuntoverde.ambiente.gob.ec\\\/libraries\\\/EAlfresco.php\\\/?doc=09371b85-0afe-4596-a766-5864d9d2d6c5\",\"link_target\":true,\"panel_link\":true,\"content_align\":false,\"content_style\":\"lead\",\"icon_color\":\"danger\",\"css\":\".el-element {background-color: #ED6B41;}\\n.el-content {color:#ffffff;}\"}}]},{\"type\":\"column\",\"props\":{\"image_position\":\"center-center\",\"media_overlay_gradient\":\"\",\"width_medium\":\"1-3\"},\"children\":[{\"type\":\"panel\",\"props\":{\"link_text\":\"\",\"title_hover_style\":\"reset\",\"title_element\":\"h3\",\"title_align\":\"top\",\"title_grid_width\":\"1-2\",\"title_grid_breakpoint\":\"m\",\"meta_style\":\"meta\",\"meta_align\":\"below-title\",\"meta_element\":\"div\",\"content_column_breakpoint\":\"m\",\"icon_width\":80,\"image_align\":\"top\",\"image_grid_width\":\"1-2\",\"image_grid_breakpoint\":\"m\",\"image_svg_color\":\"emphasis\",\"link_style\":\"default\",\"margin\":\"default\",\"icon\":\"cloud-download\",\"content\":\"\n\n<p>Reporte del Inventario Nacional de Gases de Efecto Invernadero - INGEI del a\\u00f1o 2010 del Ecuador (.ZIP)<\\\/p>\",\"panel_style\":\"card-default\",\"text_align\":\"center\",\"link\":\"wp-content\\\/uploads\\\/ecu_nir_to_bur1_12jul17.zip\",\"link_target\":true,\"panel_link\":true,\"content_align\":false,\"content_style\":\"lead\",\"icon_color\":\"danger\",\"css\":\".el-element {background-color: #7A303F;}\\n.el-content {color:#ffffff;}\"}}]}]},{\"type\":\"row\",\"props\":{\"layout\":\"1-3,1-3,1-3\"},\"children\":[{\"type\":\"column\",\"props\":{\"image_position\":\"center-center\",\"media_overlay_gradient\":\"\",\"width_medium\":\"1-3\"},\"children\":[{\"type\":\"panel\",\"props\":{\"link_text\":\"\",\"title_hover_style\":\"reset\",\"title_element\":\"h3\",\"title_align\":\"top\",\"title_grid_width\":\"1-2\",\"title_grid_breakpoint\":\"m\",\"meta_style\":\"meta\",\"meta_align\":\"below-title\",\"meta_element\":\"div\",\"content_column_breakpoint\":\"m\",\"icon_width\":80,\"image_align\":\"top\",\"image_grid_width\":\"1-2\",\"image_grid_breakpoint\":\"m\",\"image_svg_color\":\"emphasis\",\"link_style\":\"default\",\"margin\":\"default\",\"icon\":\"file-pdf\",\"content\":\"\n\n<p>Cuarta Comunicaci\\u00f3n Nacional y Segundo Informe Bienal de Actualizaci\\u00f3n del Ecuador a la Convenci\\u00f3n Marco de las Naciones Unidas sobre el Cambio Clim\\u00e1tico, Diciembre 2022<\\\/p>\",\"panel_style\":\"card-default\",\"text_align\":\"center\",\"link\":\"https:\\\/\\\/www.undp.org\\\/sites\\\/g\\\/files\\\/zskgke326\\\/files\\\/2023-05\\\/publicacion_4cn-2ba_interactiva.pdf\",\"link_target\":true,\"panel_link\":true,\"content_align\":false,\"content_style\":\"lead\",\"icon_color\":\"danger\",\"css\":\".el-element {background-color: #068C75;}\\n.el-content {color:#ffffff;}\"}}]},{\"type\":\"column\",\"props\":{\"image_position\":\"center-center\",\"media_overlay_gradient\":\"\",\"width_medium\":\"1-3\"},\"children\":[{\"type\":\"panel\",\"props\":{\"link_text\":\"\",\"title_hover_style\":\"reset\",\"title_element\":\"h3\",\"title_align\":\"top\",\"title_grid_width\":\"1-2\",\"title_grid_breakpoint\":\"m\",\"meta_style\":\"meta\",\"meta_align\":\"below-title\",\"meta_element\":\"div\",\"content_column_breakpoint\":\"m\",\"icon_width\":80,\"image_align\":\"top\",\"image_grid_width\":\"1-2\",\"image_grid_breakpoint\":\"m\",\"image_svg_color\":\"emphasis\",\"link_style\":\"default\",\"margin\":\"default\",\"icon\":\"file-pdf\",\"content\":\"\n\n<p>Reporte Nacional Inventario de Gases de Efecto Invernadero <br \/>(NIR, por su siglas en ingl\\u00e9s)<br \/> A\\u00f1o 2018<\\\/p>\",\"panel_style\":\"card-default\",\"text_align\":\"center\",\"link\":\"https:\\\/\\\/drive.google.com\\\/file\\\/d\\\/1r5Al0yXLKmfdL_YG7XriZqWVAyz-e81e\\\/view?usp=sharing\",\"link_target\":true,\"panel_link\":true,\"content_align\":false,\"content_style\":\"lead\",\"icon_color\":\"danger\",\"css\":\".el-element {background-color: #8A0EA8;}\\n.el-content {color:#ffffff;}\"}}]},{\"type\":\"column\",\"props\":{\"image_position\":\"center-center\",\"media_overlay_gradient\":\"\",\"width_medium\":\"1-3\"},\"children\":[]}]},{\"type\":\"row\",\"children\":[{\"type\":\"column\",\"props\":{\"image_position\":\"center-center\",\"media_overlay_gradient\":\"\"},\"children\":[{\"type\":\"headline\",\"props\":{\"title_element\":\"h1\",\"content\":\"Enlaces de Inter\\u00e9s\",\"text_align\":\"center\",\"css\":\".el-element {\\nfont-size: 25px;\\n}\"}}]}]},{\"type\":\"row\",\"props\":{\"layout\":\"1-3,1-3,1-3\"},\"children\":[{\"type\":\"column\",\"props\":{\"image_position\":\"center-center\",\"media_overlay_gradient\":\"\",\"width_medium\":\"1-3\"},\"children\":[{\"type\":\"panel\",\"props\":{\"link_text\":\"\",\"title_hover_style\":\"reset\",\"title_element\":\"h3\",\"title_align\":\"top\",\"title_grid_width\":\"1-2\",\"title_grid_breakpoint\":\"m\",\"meta_style\":\"meta\",\"meta_align\":\"below-title\",\"meta_element\":\"div\",\"content_column_breakpoint\":\"m\",\"icon_width\":80,\"image_align\":\"top\",\"image_grid_width\":\"1-2\",\"image_grid_breakpoint\":\"m\",\"image_svg_color\":\"emphasis\",\"link_style\":\"default\",\"margin\":\"default\",\"icon\":\"forward\",\"content\":\"\n\n<p>Orientaci\\u00f3n del IPCC sobre las Buenas Pr\\u00e1cticas y la Gesti\\u00f3n de la Incertidumbre en los inventarios nacionales de gases de efecto invernadero 2000<\\\/p>\",\"panel_style\":\"card-default\",\"text_align\":\"center\",\"link\":\"https:\\\/\\\/www.ipcc-nggip.iges.or.jp\\\/public\\\/gp\\\/spanish\\\/gpgaum_es.html\",\"link_target\":true,\"panel_link\":true,\"content_align\":false,\"content_style\":\"lead\",\"icon_color\":\"danger\",\"css\":\".el-element {background-color: #124734;}\\n.el-content {color:#ffffff;}\"}}]},{\"type\":\"column\",\"props\":{\"image_position\":\"center-center\",\"media_overlay_gradient\":\"\",\"width_medium\":\"1-3\"},\"children\":[{\"type\":\"panel\",\"props\":{\"link_text\":\"\",\"title_hover_style\":\"reset\",\"title_element\":\"h3\",\"title_align\":\"top\",\"title_grid_width\":\"1-2\",\"title_grid_breakpoint\":\"m\",\"meta_style\":\"meta\",\"meta_align\":\"below-title\",\"meta_element\":\"div\",\"content_column_breakpoint\":\"m\",\"icon_width\":80,\"image_align\":\"top\",\"image_grid_width\":\"1-2\",\"image_grid_breakpoint\":\"m\",\"image_svg_color\":\"emphasis\",\"link_style\":\"default\",\"margin\":\"default\",\"icon\":\"forward\",\"content\":\"\n\n<p>Gu\\u00eda de Buenas Pr\\u00e1cticas para el Uso de la Tierra, el Cambio de Uso de la Tierra y la Silvicultura 2003<\\\/p>\",\"panel_style\":\"card-default\",\"text_align\":\"center\",\"link\":\"https:\\\/\\\/www.ipcc-nggip.iges.or.jp\\\/public\\\/gpglulucf\\\/gpglulucf.html\",\"link_target\":true,\"panel_link\":true,\"content_align\":false,\"content_style\":\"lead\",\"icon_color\":\"danger\",\"css\":\".el-element {background-color: #A86219;}\\n.el-content {color:#ffffff;}\"}}]},{\"type\":\"column\",\"props\":{\"image_position\":\"center-center\",\"media_overlay_gradient\":\"\",\"width_medium\":\"1-3\"},\"children\":[{\"type\":\"panel\",\"props\":{\"link_text\":\"\",\"title_hover_style\":\"reset\",\"title_element\":\"h3\",\"title_align\":\"top\",\"title_grid_width\":\"1-2\",\"title_grid_breakpoint\":\"m\",\"meta_style\":\"meta\",\"meta_align\":\"below-title\",\"meta_element\":\"div\",\"content_column_breakpoint\":\"m\",\"icon_width\":80,\"image_align\":\"top\",\"image_grid_width\":\"1-2\",\"image_grid_breakpoint\":\"m\",\"image_svg_color\":\"emphasis\",\"link_style\":\"default\",\"margin\":\"default\",\"icon\":\"forward\",\"content\":\"Metodolog\\u00eda IPCC 1996\",\"panel_style\":\"card-default\",\"text_align\":\"center\",\"link\":\"https:\\\/\\\/www.ipcc-nggip.iges.or.jp\\\/public\\\/gl\\\/invs1.html\",\"link_target\":true,\"panel_link\":true,\"content_align\":false,\"content_style\":\"lead\",\"icon_color\":\"danger\",\"css\":\".el-element {background-color: #949300;}\\n.el-content {color:#ffffff;}\"}}]}]},{\"type\":\"row\",\"props\":{\"layout\":\"1-3,1-3,1-3\"},\"children\":[{\"type\":\"column\",\"props\":{\"image_position\":\"center-center\",\"media_overlay_gradient\":\"\",\"width_medium\":\"1-3\"},\"children\":[{\"type\":\"panel\",\"props\":{\"link_text\":\"\",\"title_hover_style\":\"reset\",\"title_element\":\"h3\",\"title_align\":\"top\",\"title_grid_width\":\"1-2\",\"title_grid_breakpoint\":\"m\",\"meta_style\":\"meta\",\"meta_align\":\"below-title\",\"meta_element\":\"div\",\"content_column_breakpoint\":\"m\",\"icon_width\":80,\"image_align\":\"top\",\"image_grid_width\":\"1-2\",\"image_grid_breakpoint\":\"m\",\"image_svg_color\":\"emphasis\",\"link_style\":\"default\",\"margin\":\"default\",\"icon\":\"forward\",\"content\":\"\n\n<p>Metodolog\\u00eda IPCC 2006<\\\/p>\",\"panel_style\":\"card-default\",\"text_align\":\"center\",\"link\":\"https:\\\/\\\/www.ipcc-nggip.iges.or.jp\\\/public\\\/2006gl\\\/index.html\",\"link_target\":true,\"panel_link\":true,\"content_align\":false,\"content_style\":\"lead\",\"icon_color\":\"danger\",\"css\":\".el-element {background-color: #0098C3;}\\n.el-content {color:#ffffff;}\"}}]},{\"type\":\"column\",\"props\":{\"image_position\":\"center-center\",\"media_overlay_gradient\":\"\",\"width_medium\":\"1-3\"},\"children\":[]},{\"type\":\"column\",\"props\":{\"image_position\":\"center-center\",\"media_overlay_gradient\":\"\",\"width_medium\":\"1-3\"},\"children\":[]}]}]}],\"version\":\"2.4.14\"} --><\/p>\n","protected":false},"excerpt":{"rendered":"<p>Descargas Tercera Comunicaci\u00f3n Nacional del Ecuador a la Convenci\u00f3n Marco de las Naciones Unidas sobre Cambio Clim\u00e1tico (TCN) Primer Informe Bienal de Actualizaci\u00f3n del Ecuador a la Convenci\u00f3n Marco de las Naciones Unidas sobre Cambio Clim\u00e1tico Reporte del Inventario Nacional de Gases de Efecto Invernadero &#8211; INGEI del a\u00f1o 2010 del Ecuador (.ZIP) Cuarta Comunicaci\u00f3n [&hellip;]<\/p>\n","protected":false},"author":1,"featured_media":0,"parent":0,"menu_order":0,"comment_status":"closed","ping_status":"closed","template":"","meta":{"_monsterinsights_skip_tracking":false,"_monsterinsights_sitenote_active":false,"_monsterinsights_sitenote_note":"","_monsterinsights_sitenote_category":0,"footnotes":""},"class_list":["post-1317","page","type-page","status-publish","hentry"],"_links":{"self":[{"href":"https:\/\/singei.ambiente.gob.ec\/singei\/index.php?rest_route=\/wp\/v2\/pages\/1317","targetHints":{"allow":["GET"]}}],"collection":[{"href":"https:\/\/singei.ambiente.gob.ec\/singei\/index.php?rest_route=\/wp\/v2\/pages"}],"about":[{"href":"https:\/\/singei.ambiente.gob.ec\/singei\/index.php?rest_route=\/wp\/v2\/types\/page"}],"author":[{"embeddable":true,"href":"https:\/\/singei.ambiente.gob.ec\/singei\/index.php?rest_route=\/wp\/v2\/users\/1"}],"replies":[{"embeddable":true,"href":"https:\/\/singei.ambiente.gob.ec\/singei\/index.php?rest_route=%2Fwp%2Fv2%2Fcomments&post=1317"}],"version-history":[{"count":46,"href":"https:\/\/singei.ambiente.gob.ec\/singei\/index.php?rest_route=\/wp\/v2\/pages\/1317\/revisions"}],"predecessor-version":[{"id":1967,"href":"https:\/\/singei.ambiente.gob.ec\/singei\/index.php?rest_route=\/wp\/v2\/pages\/1317\/revisions\/1967"}],"wp:attachment":[{"href":"https:\/\/singei.ambiente.gob.ec\/singei\/index.php?rest_route=%2Fwp%2Fv2%2Fmedia&parent=1317"}],"curies":[{"name":"wp","href":"https:\/\/api.w.org\/{rel}","templated":true}]}}